r, 9588 = 4*x - 4*r. Let y = x - 1652. List the prime factors of y.
3, 83
Let n(k) be the third derivative of k**6/20 + k**5/30 + k**4/8 - 11*k**3/2 + 2*k**2 - 5. List the prime factors of n(5).
2, 17, 23
Suppose -m = 4*l - 2299, 0 = 2*m - 3*l - 0*l - 4653. What are the prime factors of 40/120*(m - 0)?
773
Let k = -58 - -39. Let z be ((-4)/6)/(k/(-1995)). List the prime factors of (-6 - z) + 0/(-2).
2
Suppose -212356 + 41692 = -13*l. List the prime factors of l.
2, 3, 547
Let d(w) = 1115*w + 199. List the prime factors of d(1).
2, 3, 73
Let q = -116 + 113. What are the prime factors of 5/(303/(-102) - q)?
2, 5, 17
Suppose -5*a - 4*u + 261082 = 0, 4*a = u + 67775 + 141057. List the prime factors of a.
2, 5, 23, 227
Let z = -2168 - -3996. Let x = -622 + z. List the prime factors of x.
2, 3, 67
Let m = 5420 + -5024. List the prime factors of m.
2, 3, 11
List the prime factors of ((-58322)/(-55))/(12/360).
2, 3, 11, 241
Suppose 11*v + 4*n = 10*v + 405, -864 = -2*v + n. List the prime factors of v.
3, 11, 13
Let r = 474 - -159. Let u = 1116 - r. List the prime factors of u.
3, 7, 23
Suppose -6*u + 3*u = 18. List the prime factors of (7 - (-63)/u)/((-1)/2).
7
Let p = 218 - 216. List the prime factors of 459 + ((-7)/(-14))/((-1)/p).
2, 229
Let a be (-3)/2 + (-11)/(-2) + 20. Suppose a*o = 18*o + 222. What are the prime factors of o?
37
Let m(g) = 30*g + 4. Let n = 372 - 367. What are the prime factors of m(n)?
2, 7, 11
Let v = 16 + -13. Suppose v*c - 9*c + 5904 = 0. What are the prime factors of (c/20)/((-7)/(-5) + -1)?
3, 41
What are the prime factors of (-3 - 396/(-33)) + 28720/1?
28729
Suppose -7*i + 3*i + 15 = w, -3*i - 2*w = -10. Suppose -3*x + u + 4*u = 43, 0 = x - i*u + 26. Let p = x + 133. List the prime factors of p.
127
Let c(n) = 185*n**2 - 124*n - 697. What are the prime factors of c(-6)?
19, 353
Suppose -8*z + 6*z + 88 = 0. Let r = z + 8. What are the prime factors of (r/14)/(16/224)?
2, 13
Suppose -4*d = 2*j - 12, -3*d + 2 = -j - 12. Let r be ((-13)/26 - (-363)/2) + d. Suppose -2*v + r = -179. What are the prime factors of v?
2, 7, 13
Let d be 36541/11 - (-71)/781. Suppose -16*c + 14342 = -d. What are the prime factors of c?
2, 3, 23
Let y = 6515 - 703. Suppose 2*u + 2*l = 2904, 0*u - 2*l = 4*u - y. What are the prime factors of u?
2, 727
Let c(x) = 530*x**2 - 5*x + 1. Let f be c(2). Suppose 4*d = n - 0*d - 554, -4*n - 5*d = -f. What are the prime factors of ((-4)/(-6))/(4/n)?
89
Let m = -25 + 27. Let a = 44 - m. Suppose 11 = l - a. List the prime factors of l.
53
Suppose b - 5*y = 10, 6*b - 5*y = b + 30. Suppose -4*s + 7*s + b*x = 1996, -2*x = s - 665. List the prime factors of s.
23, 29
Suppose -2*w + 18 = 3*i, 4*i - 33 = -4*w - 5. Suppose -4*g - d - d + 2450 = 0, -g - i*d = -602. List the prime factors of g.
2, 307
Let i be 305 - ((-10)/(-65) - (-150)/39). Suppose 5*b + 4*h - i = 0, -h = -4*b - 6*h + 239. What are the prime factors of b?
61
Let c be (-6)/(-4*2/16). Let a(g) = -g**2 + 27*g + 23. List the prime factors of a(c).
7, 29
Let s = -3 - -8. Let g(b) = 7*b**2 + 14*b - 64. List the prime factors of g(s).
181
Suppose -3 = 3*q - 2*a, -q - 4 = 3*q + 2*a. Let k = 3 - q. Suppose 4*n - 3*n = k, 2*v + 5*n - 192 = 0. What are the prime factors of v?
2, 43
Let r(u) = -u**3 - 2*u**2 + 6*u + 8. Let i be r(-4). Suppose 5*o + i - 121 = 0. Let k = -1 + o. What are the prime factors of k?
2, 5
Let t = -21 + 52. Suppose -25*v = -t*v + 1950. List the prime factors of v.
5, 13
List the prime factors of 23723 + (-3 - (-15 - -18)).
37, 641
Suppose 2*v - 3*q - 17391 = 0, 72*v - 5*q = 69*v + 26084. What are the prime factors of v?
3, 967
Let f(r) = -841*r + 1019. List the prime factors of f(-10).
3, 7, 449
Suppose -h - 4*b = 4742, 2*b - 5554 = h - 818. What are the prime factors of (h/(-115))/(2/5)?
103
Suppose -2*a = -t - 0*a + 792, -4*a = t - 780. Suppose -2*k - q + 621 = 0, q - t = -4*k + 457. Suppose 0 = -2*p + 5*p - k. List the prime factors of p.
2, 13
Suppose -5*h - 5*a = -5, 2*h + 5*a - 18 = -19. Suppose -h*l + 7 + 3 = 0. List the prime factors of l.
5
Let u(v) = 203*v + 1 + 0 + 164*v. Let o be u(1). Let k = o - 262. List the prime factors of k.
2, 53
Let k(j) be the second derivative of 23*j**3/3 - 5*j**2/2 - 25*j. Suppose 4*u - 5*w = 28, 6*w = 4*u + 3*w - 20. List the prime factors of k(u).
3, 29
Let t be -2*(-101)/(-8)*20. What are the prime factors of -9 - -6 - (t - 0/(-3))?
2, 251
Let n = 850 - -4952. List the prime factors of n.
2, 3, 967
Let c be (-2 - -21)*1/((-8)/(-1104)). Suppose t - c = -2*t. What are the prime factors of t?
2, 19, 23
Suppose -71699 = -4*k - 3*r, 36*k = 39*k - r - 53758. List the prime factors of k.
17921
List the prime factors of (-28)/6 - 758381/(-39).
19441
Let l(i) = 10*i**2 + i + 6. Let p(n) = 2*n**2 - 2. Let m(a) = l(a) - 2*p(a). List the prime factors of m(-11).
5, 29
Let r(d) = -2228*d - 9116. What are the prime factors of r(-5)?
2, 11, 23
Suppose 3*b + 4*r - 34488 = 0, 22*r = -b + 17*r + 11474. What are the prime factors of b?
2, 719
Suppose -11*s = -12*s + u - 213, -852 = 4*s - 3*u. Suppose -531 - 453 = -3*k. Let t = k + s. What are the prime factors of t?
5, 23
Let t be (-36)/(-16)*3*8/9. Suppose 12*h - t*h = -12. List the prime factors of ((-197)/(-2))/(h/(-4)).
197
Let l = -58 - -60. Let t be l/(-2)*10/2. List the prime factors of (-248)/(-4)*((-10)/4)/t.
31
List the prime factors of 9222/5 - ((-376)/(-40) + -10).
3, 5, 41
Let l = -8501 - -10761. What are the prime factors of l?
2, 5, 113
Let k be (4 - 6)/(-1 + 39/36). Let r = -22 - k. Let l = r + 106. What are the prime factors of l?
2, 3
Suppose -100 = -42*d + 22*d. Suppose d*y = -5*n + 3585, -4*n - 4*y = -3*y - 2862. List the prime factors of n.
5, 11, 13
What are the prime factors of (109 + 15)*(-5 - (-790 + -9))?
2, 31, 397
Let i be (-1)/(((-21)/(-70))/((-12)/8)). List the prime factors of 1819/3 + i + 104/(-24).
607
Suppose -160*i + 157*i + 27 = 0. List the prime factors of 3*i/(-15)*(-30)/1.
2, 3
Let r(b) = -7*b**2 + 29*b - 8. Let w be r(4). What are the prime factors of (-582)/w - 1/(-2)?
2, 73
Suppose -q = 5*a - 2*a - 11937, -3*a - 5*q = -11925. List the prime factors of a.
2, 5, 199
Let q(l) = l**3 + 45*l**2 + 51*l - 403. What are the prime factors of q(31)?
2, 3, 7, 19, 31
Suppose -22*r + 77 = -11*r. Suppose 1548 = -r*v + 43*v. List the prime factors of v.
43
Let y(q) = 5*q**2 - 3 - 1 - 6 - 3*q**2 - 32*q + 5*q. List the prime factors of y(18).
2, 19
Suppose -37*l - 12496 = -104663. List the prime factors of l.
47, 53
Suppose z + 73146 + 133210 = 4*r, 5*r - 257948 = 2*z. What are the prime factors of r?
2, 3, 1433
Let t = 452 - 50. Let m = t - -15. List the prime factors of m.
3, 139
Suppose 6*b - 538 = 3*b - 2*g, 3*b - 524 = 5*g. Suppose -b*m + 182*m - 2084 = 0. List the prime factors of m.
521
What are the prime factors of (10 - 5) + -11 - -8472?
2, 3, 17, 83
Let c = -58 + 61. Suppose u - 84 = c*d, 2*u + d - 2*d = 178. Let h = u - -51. What are the prime factors of h?
3, 47
Suppose -3*y - 141984 = -4*x, 68601 = 2*x - 4*y - 2411. List the prime factors of x.
2, 3, 5, 7, 13
Suppose -4*t + 129 = 3*a + 372, -5*t = -3*a - 216. Let v = a + 14. Let c = 146 + v. List the prime factors of c.
83
Let h(s) = 219*s + 13. Let d(p) = -p**3 - 14*p**2 + 15*p + 3. Let x be d(-15). What are the prime factors of h(x)?
2, 5, 67
Suppose 195 = -2*t + 63. Let i = t + 66. Suppose i = -u - 3*u + 80. List the prime factors of u.
2, 5
Let i = -17 + 105. Let x = i + 146. List the prime factors of x.
2, 3, 13
List the prime factors of ((-242320)/(-64))/(0 - (-10)/120).
3, 5, 13, 233
Suppose -13 = -15*j + 32. Suppose -s - 108 = -3*o + 62, o - 60 = -j*s. What are the prime factors of o?
3, 19
Let m = 5363 - 3807. Suppose 3*d = 3*g - 2322, 0 = 2*g - 0*d + 2*d - m. What are the prime factors of g?
2, 97
Let g = 9070 - 6441. What are the prime factors of g?
11, 239
Let j = 66 - 61. Suppose 0 = 3*b + 4*l - 782, j*b + 6*l - 1318 = 3*l. Let y = b + -150. List the prime factors of y.
2, 29
Suppose 45780 - 69118 = -8*u + 91742. What are the prime factors of u?
3, 5, 7, 137
Let a be ((-80)/(-30))/(2/6). Suppose a - 6 = k. Suppose 5*h = 4*d - 268, d - h + k*h = 67. List the prime factors of d.
67
Let o = -263 - -257. What are the prime factors of o/(9/(18/4))*-28?
2, 3, 7
Let 